of b?
6
Let k = 207 - -387. What is the units digit of k?
4
Suppose -11*d + 3*d + 5720 = 0. What is the tens digit of d?
1
Suppose 0 = -72*v + 74*v - 572. Suppose -v*w - 665 = -291*w. What is the units digit of w?
3
Suppose -4*d + 3*d = -4. Suppose -r + 4*v = -d*r + 197, 8 = -2*v. What is the tens digit of r?
7
Let m(c) = 2*c**2 + 2*c - 2. Let u be m(-2). Suppose -44 = -4*q + 5*d, q + 2*q + 5*d + u = 0. What is the units digit of q?
6
What is the units digit of 6/4*(-1340)/(-30)?
7
Let r(y) = -6*y**2 + 25*y**2 + y - 8*y**2. Let k be r(1). What is the units digit of ((-45)/k + 2)*-24?
2
Suppose -14*o + 5 - 33 = 0. What is the tens digit of 1027/7 - o/7?
4
Suppose -n + 5*k = -2, -4*k - 3 + 5 = -2*n. Let w = n - -16. Suppose -54 = -4*t + 3*z, -t + w = z - 4. What is the tens digit of t?
1
Suppose 114*k = 120*k - 78. What is the units digit of k?
3
Let l(r) = -7*r + 7. Let s be l(-3). Let j be s/4*(-1 - -26). Suppose 7*q = 2*q + j. What is the units digit of q?
5
Let w be -1*((-7)/21)/(2/(-42)). Let a(s) = -s + 16. What is the units digit of a(w)?
3
Let f(l) be the third derivative of -l**6/120 - 17*l**5/60 + 13*l**4/24 + 10*l**3/3 - 12*l**2. What is the hundreds digit of f(-18)?
1
Suppose -32*c + 41*c - 3393 = 0. What is the hundreds digit of c?
3
Let s(a) = 8*a - 2 - 5 + 2*a. Let d be ((-20)/(-25) - 2)/((-4)/10). What is the units digit of s(d)?
3
Let p(k) = -k. Let o be p(-4). Suppose -o = 2*w - 0*w. What is the tens digit of w/6 + (-595)/(-21)?
2
Let g(p) = 4*p**2 + 3*p + 3. Let q be g(-2). Let v = q + -10. Suppose v*x - 28 = -x. What is the units digit of x?
7
Let u(a) = a**3 - 5*a**2 + a + 9. Let v be u(7). Suppose 0 = 5*i - 8*i + v. Suppose 0 = -3*n - 0*n - z + i, 2*n - 5*z - 48 = 0. What is the units digit of n?
4
Suppose 93*c = 106*c - 10582. What is the tens digit of c?
1
Suppose j = -2*j - 5*v + 455, j - 4*v - 146 = 0. Suppose 0 = -40*p + 35*p + j. What is the units digit of p?
0
Let m = 1461 + -884. What is the units digit of m?
7
What is the units digit of (1200/9)/(26/429)?
0
Let m(s) be the third derivative of -s**6/120 + 2*s**5/15 - s**4/6 + 3*s**3 - 21*s**2. What is the units digit of m(6)?
6
Let h be ((-2)/(-6))/(7/21). Let o be 7*(1 + (h - 1)). Suppose -95 = -o*f + 3*f + n, -5*f = 5*n - 150. What is the tens digit of f?
2
What is the hundreds digit of 757*18/(-45)*15/(-6)?
7
Let v be -1 + (-5766)/(-9) - (-2)/6. Suppose -v - 158 = -7*o. What is the tens digit of o?
1
Suppose 5*a - 6 = -a. What is the units digit of (-73)/(-3 - (-2 + a + -1))?
3
Let q = -56 - -61. Suppose 7*o - 3*o + q*v - 420 = 0, -2*o + 224 = -v. What is the tens digit of o?
1
Let y = -71 - -73. Suppose 8*g - 130 = -3*t + 3*g, y*g = -t + 43. What is the units digit of t?
5
Let b(f) = -54*f + 22. Let v(o) = 5*o**2 + 16*o - 2. Let w be v(-3). What is the tens digit of b(w)?
9
Let i(n) be the second derivative of n**5/60 + 5*n**4/12 + n**3 - 5*n**2 + 4*n. Let c(w) be the first derivative of i(w). What is the tens digit of c(-13)?
4
Suppose -5475 = -22*o + 4095. What is the hundreds digit of o?
4
Let m(v) = 52*v - 170. What is the tens digit of m(6)?
4
What is the tens digit of (359541/(-27))/(-7) - 8/6?
0
Let x(g) = g**2 + g + 6. What is the units digit of x(7)?
2
Let u = -127 + 267. What is the units digit of u?
0
Let h = 19 - -105. What is the units digit of (2/(-5))/(h/125 - 1)?
0
Let a = 5847 - 2745. What is the thousands digit of a?
3
Let r = -33 - -36. What is the tens digit of (143 + (r - 1))*1?
4
Let a = -1670 - -4142. What is the units digit of a?
2
Let n = -602 + 1128. Suppose -3*m + 100 = b - 18, 0 = -5*b + m + n. What is the units digit of b?
6
Let r(u) = u**3 + u**2 - 4*u. Let a be r(-3). What is the tens digit of (-9)/6*a*13?
1
Let d(x) = 157*x + 605. What is the tens digit of d(12)?
8
Let i be (-13)/(-1) - (-9 + 12). Let y be i/(-4)*24/(-20). Suppose d - y - 10 = 0. What is the units digit of d?
3
Suppose -2*b + 5*p + 21 + 11 = 0, -2*b + 4*p = -28. Suppose 19 = 3*g - 8. What is the tens digit of (138/g)/(b/9)?
2
Let r(f) = f**2 - 14*f - 17. Let y be r(15). What is the tens digit of (-1)/y + 197/2?
9
Suppose 0 = 3*s + 2*u + 253, s = 3*s - 5*u + 137. Let i be 1067/(-7) - (-8)/(-14). Let m = s - i. What is the tens digit of m?
7
Suppose 3976 = -217*u + 224*u. What is the hundreds digit of u?
5
Let z be 51/9 - (-6)/(-9). Suppose -z*p + 4*p + 41 = 0. What is the units digit of p?
1
Suppose 3*i - 2*d = 2029, -5*d + 3365 = -14*i + 19*i. What is the hundreds digit of i?
6
Let k(l) = 3*l**2 - 11*l - 26. Let m(z) = -z**2 - 1. Let h(x) = -k(x) - 5*m(x). What is the units digit of h(-9)?
4
Let i = 12 - 10. Suppose i*w = 35 - 7. What is the tens digit of w?
1
Suppose 54*x - 26568 = 27*x. What is the tens digit of x?
8
Let y(a) = 2*a**2 + a - 1. Let m be y(1). Suppose -55 + 19 = 5*q - 3*t, 4*t = -q + m. What is the tens digit of (-2 - 24)/(3/q)?
5
Let d(q) = -88*q**3 + 2*q**2 - 7*q + 1. What is the hundreds digit of d(-3)?
4
Let a(m) = -4*m + 5. Let w be a(6). Let k = 36 - w. Suppose 0 = -0*z + 5*z - k. What is the tens digit of z?
1
Suppose 2*l - 4*s - 34 = 7*l, 0 = l + 5*s + 11. Let y be l/39 + (-56)/(-26). Suppose -z + 34 = i, y*i - i - 18 = -5*z. What is the tens digit of i?
3
Let d(m) = -6*m - 164. What is the units digit of d(-36)?
2
Let b(l) = 14*l**2 + 9*l - 20. Let d be b(5). Let o = d + -264. What is the units digit of o?
1
Let i(v) = -23*v - 29. Let l be i(-9). Let c = l - -71. What is the tens digit of c?
4
Suppose -339*k = -321*k - 1044. What is the tens digit of k?
5
Let h(s) = s**2 - s + 6. Let o be ((-4)/5)/((-13)/65). What is the tens digit of h(o)?
1
Let p(f) = -f**3 - 23*f**2 + 52*f + 117. What is the tens digit of p(-25)?
6
What is the units digit of 6 - (234200/(-350) + 2/14)?
5
Let d(v) = v**3 - 14*v**2 - 10*v + 33. Let h be ((-45)/(-6) + 0)/((-1)/(-2)). What is the units digit of d(h)?
8
Let t = 19 + -22. What is the tens digit of -2*t/(12/122)?
6
Let p(y) = 77*y - 39. What is the tens digit of p(6)?
2
Let p = 41 - 2. Suppose 0 = r + 2*r - p. What is the tens digit of r?
1
What is the hundreds digit of 635525/385 + (-2)/(-7)?
6
Let r(x) = -x**2 + 11*x - 13. Let u be r(9). Suppose -6 = -u*p + 3*p. What is the units digit of p?
3
Let p(h) = -7*h**2 - 12*h - 13. Let g(b) = -3*b**2 - 6*b - 6. Let o(y) = 5*g(y) - 2*p(y). Let j be (8/6)/(5/(-15)). What is the units digit of o(j)?
4
Suppose 5*u + k = 2*k + 122, 5*k - 15 = 0. Suppose 0 = 4*g + 3*n - 72, -2*g + 23 + 13 = 2*n. Let t = u + g. What is the units digit of t?
3
Suppose 20780 = 5*x + 4*h + 1804, -2*x + 7587 = 5*h. What is the hundreds digit of x?
7
Let p = -1196 + 1947. What is the units digit of p?
1
Let o(m) = -1 - 2*m - 12*m + 6. What is the tens digit of o(-1)?
1
Let j(d) = d**2 - 4*d - 33. Let a be j(13). Suppose 0 = o - 5*c - 63, 3*o - 3*c - a - 81 = 0. What is the tens digit of o?
5
Suppose 5*d = b + 40, 3*d - 61 = -d - 5*b. Let s be 38 - -1 - d/(-9). What is the tens digit of 93/5 + 16/s?
1
Let z(j) = -33*j**3 - 3*j**2 + 3*j - 1. What is the tens digit of z(-3)?
5
Let s(z) = -z**2 - 9*z - 16. Let m be s(-4). Suppose 5*j + 727 = m*n, -3*n - 2*n + 4*j + 920 = 0. What is the hundreds digit of n?
1
What is the units digit of (204/(-24))/(-17) - 614/(-4)?
4
Suppose -3*k = 2*n + 1, -1 = 2*k + 2*n + 1. Let z(t) = -t**2 - 20*t + 5. Let c be z(-20). Let r = k + c. What is the units digit of r?
6
What is the hundreds digit of 34688/22 + (-378)/(-1386)?
5
Let x be 1 - (-20)/6*15. Suppose -6*l - 3*q + x = -l, -4*l + q + 34 = 0. Suppose -116 - l = -5*t. What is the tens digit of t?
2
Suppose 2*w = w - 3*w. Suppose w = 4*o + 143 - 595. What is the units digit of o?
3
Let w(p) = 69*p**2 + 24*p + 338. What is the tens digit of w(-9)?
1
Suppose -3335 = -22*f - f. What is the units digit of f?
5
Let c(w) = -24*w + 83. What is the hundreds digit of c(-12)?
3
Let m be 21/5 - (-4)/(-20). Let d be 0*-3*m/(-12). What is the tens digit of d/(-1) + (-48)/(-4)?
1
What is the tens digit of 2792*(8/16)/((-2)/(-4))?
9
Let r(l) be the first derivative of l**4/2 - 4*l**3/3 + 2*l - 4. What is the tens digit of r(4)?
6
Suppose -d + 1274 = d - q, -2*d + 1266 = -3*q. What is the tens digit of d?
3
Suppose -16 = -4*m - 0. What is the tens digit of 688/6 - m/(-48)*-8?
1
Let u = -1409 - -2334. What is the units dig